ded by 2929.
50
Calculate the remainder when 58091 is divided by 48.
11
What is the remainder when 16703 is divided by 506?
5
Calculate the remainder when 135 is divided by 97.
38
What is the remainder when 181149 is divided by 333?
330
What is the remainder when 4948 is divided by 381?
376
What is the remainder when 15994 is divided by 86?
84
What is the remainder when 2021 is divided by 176?
85
What is the remainder when 10257 is divided by 289?
142
What is the remainder when 32827 is divided by 18?
13
What is the remainder when 1113 is divided by 1049?
64
What is the remainder when 11119 is divided by 293?
278
Calculate the remainder when 1412056 is divided by 46.
40
Calculate the remainder when 47577 is divided by 2.
1
What is the remainder when 25814 is divided by 215?
14
What is the remainder when 33098 is divided by 2203?
53
What is the remainder when 5467 is divided by 170?
27
Calculate the remainder when 90830 is divided by 96.
14
Calculate the remainder when 11794 is divided by 452.
42
Calculate the remainder when 1461 is divided by 211.
195
What is the remainder when 6122 is divided by 20?
2
Calculate the remainder when 31538 is divided by 1122.
122
Calculate the remainder when 5581 is divided by 93.
1
What is the remainder when 1411 is divided by 111?
79
Calculate the remainder when 6898 is divided by 6865.
33
Calculate the remainder when 887 is divided by 878.
9
Calculate the remainder when 580679 is divided by 9.
8
What is the remainder when 248335 is divided by 68?
67
What is the remainder when 209451 is divided by 25?
1
What is the remainder when 2657 is divided by 1317?
23
What is the remainder when 208 is divided by 103?
2
What is the remainder when 13568 is divided by 226?
8
Calculate the remainder when 12966 is divided by 4276.
138
What is the remainder when 1819 is divided by 616?
587
What is the remainder when 524086 is divided by 72?
70
Calculate the remainder when 19540 is divided by 108.
100
What is the remainder when 1241 is divided by 1187?
54
Calculate the remainder when 3918 is divided by 324.
30
Calculate the remainder when 162737 is divided by 998.
63
What is the remainder when 64669 is divided by 47?
44
What is the remainder when 9030 is divided by 4504?
22
Calculate the remainder when 729 is divided by 338.
53
What is the remainder when 13046 is divided by 3183?
314
What is the remainder when 10208 is divided by 1122?
110
Calculate the remainder when 456428 is divided by 29.
26
Calculate the remainder when 12804 is divided by 93.
63
What is the remainder when 15719 is divided by 410?
139
Calculate the remainder when 36282 is divided by 295.
292
What is the remainder when 6533 is divided by 107?
6
What is the remainder when 18089 is divided by 54?
53
Calculate the remainder when 4810 is divided by 49.
8
Calculate the remainder when 19230 is divided by 31.
10
Calculate the remainder when 7396 is divided by 1535.
1256
Calculate the remainder when 915409 is divided by 85.
44
What is the remainder when 11327 is divided by 397?
211
What is the remainder when 833 is divided by 227?
152
What is the remainder when 353 is divided by 132?
89
What is the remainder when 554 is divided by 376?
178
What is the remainder when 4462 is divided by 48?
46
What is the remainder when 2782 is divided by 926?
4
Calculate the remainder when 89413 is divided by 17804.
393
Calculate the remainder when 4371 is divided by 489.
459
What is the remainder when 18724 is divided by 27?
13
What is the remainder when 5555 is divided by 9?
2
What is the remainder when 4135 is divided by 40?
15
Calculate the remainder when 9730 is divided by 174.
160
Calculate the remainder when 8922 is divided by 95.
87
Calculate the remainder when 7997 is divided by 23.
16
Calculate the remainder when 234 is divided by 126.
108
What is the remainder when 9013 is divided by 106?
3
What is the remainder when 49390 is divided by 168?
166
What is the remainder when 115240 is divided by 177?
13
What is the remainder when 51772 is divided by 1677?
1462
Calculate the remainder when 14475 is divided by 80.
75
Calculate the remainder when 109212 is divided by 1348.
24
Calculate the remainder when 2429197 is divided by 17.
16
What is the remainder when 16542 is divided by 16515?
27
What is the remainder when 10486 is divided by 1048?
6
Calculate the remainder when 34590 is divided by 49.
45
What is the remainder when 20000 is divided by 227?
24
What is the remainder when 6878 is divided by 475?
228
Calculate the remainder when 1936446 is divided by 4817.
12
Calculate the remainder when 556695 is divided by 50.
45
Calculate the remainder when 188157 is divided by 66.
57
What is the remainder when 37045 is divided by 88?
85
What is the remainder when 11118 is divided by 139?
137
Calculate the remainder when 591 is divided by 225.
141
What is the remainder when 16122 is divided by 237?
6
Calculate the remainder when 13793 is divided by 13752.
41
Calculate the remainder when 46964 is divided by 14.
8
Calculate the remainder when 29546 is divided by 1129.
192
What is the remainder when 4541 is divided by 2267?
7
What is the remainder when 16866 is divided by 543?
33
What is the remainder when 2789 is divided by 300?
89
What is the remainder when 9269 is divided by 210?
29
Calculate the remainder when 1645954 is divided by 117.
115
Calculate the remainder when 9712 is divided by 90.
82
What is the remainder when 1220 is divided by 394?
38
What is the remainder when 16289 is divided by 168?
161
What is the remainder when 1714250 is divided by 861?
860
Calculate the remainder when 948027 is divided by 108.
3
What is the remainder when 1188714 is divided by 26?
20
Calculate the remainder when 1155897 is divided by 60.
57
What is the remainder when 586116 is divided by 15?
6
What is the remainder when 94727 is divided by 36?
11
Calculate the remainder when 132176 is divided by 20.
16
Calculate the remainder when 5001 is divided by 91.
87
Calculate the remainder when 35582 is divided by 128.
126
What is the remainder when 1805 is divided by 1377?
428
What is the remainder when 130162 is divided by 153?
112
Calculate the remainder when 34893 is divided by 19.
9
What is the remainder when 51927 is divided by 5769?
6
What is the remainder when 9988 is divided by 578?
162
What is the remainder when 116284 is divided by 39?
25
Calculate the remainder when 18390 is divided by 575.
565
Calculate the remainder when 21578 is divided by 227.
13
What is the remainder when 3162 is divided by 152?
122
What is the remainder when 105298 is divided by 975?
973
What is the remainder when 28680 is divided by 9497?
189
Calculate the remainder when 385618 is divided by 705.
688
Calculate the remainder when 28633 is divided by 4089.
10
Calculate the remainder when 1186782 is divided by 50.
32
Calculate the remainder when 4145 is divided by 813.
80
Calculate the remainder when 11755 is divided by 107.
92
What is the remainder when 20756 is divided by 20688?
68
What is the remainder when 1859 is divided by 586?
101
Calculate the remainder when 2387 is divided by 1104.
179
What is the remainder when 189 is divided by 174?
15
What is the remainder when 29234 is divided by 28?
2
Calculate the remainder when 55162 is divided by 1671.
19
Calculate the remainder when 217404 is divided by 143.
44
Calculate the remainder when 93815 is divided by 23453.
3
Calculate the remainder when 95759 is divided by 133.
132
Calculate the remainder when 45159 is divided by 42.
9
Calculate the remainder when 32485 is divided by 1122.
1069
Calculate the remainder when 198942 is divided by 13262.
12
What is the remainder when 76660 is divided by 9581?
12
What is the remainder when 5032 is divided by 1126?
528
Calculate the remainder when 15612 is divided by 473.
3
What is the remainder when 64530 is divided by 28?
18
Calculate the remainder when 1193966 is divided by 142.
30
What is the remainder when 905512 is divided by 818?
804
Calculate the remainder when 10547 is divided by 866.
155
What is the remainder when 508497 is divided by 300?
297
Calculate the remainder when 718520 is divided by 54.
50
What is the remainder when 97199 is divided by 1296?
1295
What is the remainder when 48020 is divided by 889?
14
What is the rem